he thousands digit of 1410?
1
What is the units digit of 1749?
9
What is the thousands digit of 98722?
8
What is the tens digit of 36848?
4
What is the units digit of 2604?
4
What is the hundreds digit of 576?
5
What is the hundreds digit of 699?
6
What is the units digit of 1033?
3
What is the ten thousands digit of 24204?
2
What is the hundreds digit of 54227?
2
What is the hundreds digit of 477?
4
What is the tens digit of 28496?
9
What is the thousands digit of 5695?
5
What is the tens digit of 218?
1
What is the units digit of 1062?
2
What is the units digit of 6525?
5
What is the hundreds digit of 876?
8
What is the tens digit of 651?
5
What is the units digit of 6832?
2
What is the units digit of 1716?
6
What is the units digit of 19739?
9
What is the thousands digit of 30538?
0
What is the hundreds digit of 1153?
1
What is the hundreds digit of 1708?
7
What is the tens digit of 6867?
6
What is the hundreds digit of 40303?
3
What is the thousands digit of 1153?
1
What is the thousands digit of 9079?
9
What is the hundreds digit of 4410?
4
What is the units digit of 3021?
1
What is the units digit of 16137?
7
What is the hundreds digit of 5934?
9
What is the units digit of 3613?
3
What is the thousands digit of 3388?
3
What is the hundreds digit of 67121?
1
What is the thousands digit of 1726?
1
What is the hundreds digit of 45445?
4
What is the hundreds digit of 1046?
0
What is the units digit of 1283?
3
What is the units digit of 2141?
1
What is the tens digit of 17022?
2
What is the tens digit of 3107?
0
What is the tens digit of 9043?
4
What is the units digit of 3248?
8
What is the units digit of 2204?
4
What is the hundreds digit of 501?
5
What is the thousands digit of 1254?
1
What is the thousands digit of 6880?
6
What is the tens digit of 1951?
5
What is the units digit of 2526?
6
What is the units digit of 33?
3
What is the tens digit of 3620?
2
What is the units digit of 23737?
7
What is the tens digit of 93?
9
What is the units digit of 24495?
5
What is the thousands digit of 1825?
1
What is the thousands digit of 2009?
2
What is the units digit of 134950?
0
What is the units digit of 2628?
8
What is the units digit of 9610?
0
What is the thousands digit of 90126?
0
What is the hundreds digit of 23647?
6
What is the hundreds digit of 4457?
4
What is the thousands digit of 1399?
1
What is the units digit of 783?
3
What is the tens digit of 1692?
9
What is the hundreds digit of 4852?
8
What is the thousands digit of 5234?
5
What is the ten thousands digit of 10231?
1
What is the units digit of 18720?
0
What is the units digit of 18321?
1
What is the thousands digit of 6373?
6
What is the ten thousands digit of 53013?
5
What is the hundreds digit of 16438?
4
What is the hundreds digit of 748?
7
What is the thousands digit of 96298?
6
What is the hundreds digit of 1187?
1
What is the units digit of 57848?
8
What is the hundreds digit of 6216?
2
What is the hundreds digit of 96681?
6
What is the units digit of 2114?
4
What is the hundreds digit of 30085?
0
What is the hundreds digit of 2852?
8
What is the units digit of 42626?
6
What is the units digit of 3359?
9
What is the thousands digit of 2643?
2
What is the hundreds digit of 61961?
9
What is the hundreds digit of 20509?
5
What is the units digit of 2727?
7
What is the tens digit of 20448?
4
What is the units digit of 1414?
4
What is the tens digit of 197?
9
What is the thousands digit of 1845?
1
What is the hundreds digit of 35098?
0
What is the thousands digit of 1514?
1
What is the thousands digit of 2761?
2
What is the thousands digit of 15187?
5
What is the thousands digit of 5358?
5
What is the units digit of 824?
4
What is the ten thousands digit of 14394?
1
What is the thousands digit of 55803?
5
What is the tens digit of 2539?
3
What is the tens digit of 5982?
8
What is the hundreds digit of 639?
6
What is the units digit of 1397?
7
What is the hundreds digit of 3081?
0
What is the tens digit of 354?
5
What is the units digit of 8800?
0
What is the tens digit of 1234?
3
What is the tens digit of 3727?
2
What is the units digit of 11967?
7
What is the thousands digit of 49290?
9
What is the hundreds digit of 90411?
4
What is the units digit of 675?
5
What is the units digit of 8684?
4
What is the units digit of 1589?
9
What is the thousands digit of 23581?
3
What is the units digit of 15927?
7
What is the thousands digit of 14291?
4
What is the thousands digit of 2156?
2
What is the units digit of 1390?
0
What is the thousands digit of 13533?
3
What is the thousands digit of 54580?
4
What is the hundreds digit of 2152?
1
What is the units digit of 21543?
3
What is the hundreds digit of 19554?
5
What is the hundreds digit of 271?
2
What is the hundreds digit of 671?
6
What is the hundreds digit of 12981?
9
What is the tens digit of 794?
9
What is the thousands digit of 8741?
8
What is the hundreds digit of 1417?
4
What is the hundreds digit of 4022?
0
What is the units digit of 923?
3
What is the hundreds digit of 306?
3
What is the tens digit of 940?
4
What is the hundreds digit of 9382?
3
What is the thousands digit of 3534?
3
What is the hundreds digit of 2666?
6
What is the thousands digit of 13420?
3
What is the thousands digit of 4564?
4
What is the hundreds digit of 122199?
1
What is the tens digit of 5583?
8
What is the hundreds digit of 378?
3
What is the units digit of 27731?
1
What is the ten thousands digit of 19526?
1
What is the hundreds digit of 2899?
8
What is the units digit of 121306?
6
What is the tens digit of 3171?
7
What is the units digit of 895?
5
What is the hundreds digit of 5608?
6
What is the units digit of 423?
3
What is the tens digit of 1160?
6
What is the ten thousands digit of 30285?
3
What is the units digit of 142934?
4
What is the tens digit of 671?
7
What is the units digit of 480?
0
What is the thousands digit of 1127?
1
What is the thousands digit of 6472?
6
What is the hundreds digit of 910?
9
What is the units digit of 2720?
0
What is the thousands digit of 60122?
0
What is the units digit of 5845?
5
What is the thousands digit of 1919?
1
What is the tens digit of 13074?
7
What is the units digit of 2489?
9
What is the units digit of 4153?
3
What is the units digit of 2142?
2
What is the thousands digit of 3253?
3
What is the hundreds digit of 8171?
1
What is the tens digit of 29196?
9
What is the thousands digit of 6965?
6
What is the units digit of 259?
9
What is the thousands digit of 1432?
1
What is the units digit of 57953?
3
What is the tens digit of 71548?
4
What is the hundreds digit of 698?
6
What is the hundred thousands digit of 164651?
1
What is the tens digit of 5596?
9
What is the hundreds digit of 1055?
0
What is the units digit of 55249?
9
What is the tens digit of 1183?
8
What is the units digit of 2588?
8
What is the ten thousands digit of 57121?
5
What is the units digit of 7420?
0
What is the units digit of 325?
5
What is the hundreds digit of 167?
1
What is the tens digit of 13141?
4
What is the tens digit of 1923?
2
What is the units digit of 2059?
9
What is the units digit of 282?
2
What is the tens digit of 2141?
4
What is the tens digit of 234?
3
What is the hundreds digit of 1002?
0
What is the units digit of 4122?
2
What is the hundreds digit of 343?
3
What is the tens digit of 186?
8
What is the tens digit of 82?
8
What is the tens digit of 1426?
2
What is the tens digit of 10698?
9
What is the tens digit of 199?
9
What is the units digit of 3199?
9
What is the thousands digit of 73297?
3
What is the units digit of 29?
9
What is the hundreds digit of 291?
2
What is the thousands digit of 98952?
8
What is the thousands digit of 4268?
4
What is the hundreds digit of 23869?
8
What is the hundreds digit of 1028?
0
What is the tens digit of 84854?
5
What is the units digit of 83?
3
What is the ten thousands digit of 23963?
2
What is the thousands digit of 1213?
1
What is the units digit of 13?
3
What is the thousands digit of 1568?
1
What is the tens digit of 1423?
2
What is the hundreds digit of 107261?
2
What is the ten thousands digit of 61935?
6
What is the units digit of 6885?
5
What is the hundreds digit of 69992?
9
What is the hundreds digit of 267?
2
What is the hundreds digit of 1762?
7
What 